{"id":143,"date":"2022-10-15T13:41:55","date_gmt":"2022-10-15T13:41:55","guid":{"rendered":"https:\/\/hilberer.com\/?page_id=143"},"modified":"2022-10-16T18:40:35","modified_gmt":"2022-10-16T18:40:35","slug":"faq","status":"publish","type":"page","link":"https:\/\/hilberer.com\/?page_id=143","title":{"rendered":"FAQ"},"content":{"rendered":"\n<h2>Glossar<\/h2>\n\n\n\n<p><\/p>\n\n\n\n<h4 id=\"CoCreation\">Co-Creation<\/h4>\n\n\n\n<p>In einer komplexen Umgebung ist zu Beginn eines Projektes weder der Weg noch das genaue Aussehen des Endproduktes bekannt. Das Projekt selbst ver\u00e4ndert zur Laufzeit die Bedingungen innerhalb dessen es sich bewegt. Im Co-Creation Ansatz kombinieren die Projektbeteiligten ihre Erfahrungen, Fertigkeiten und Vorstellungen um gemeinsam das Projektziel und den Weg dorthin zu erarbeiten.<\/p>\n\n\n\n<h4 id=\"coaching-intervention\">Coaching Intervention<\/h4>\n\n\n\n<p>Eine kurze Serie aufeinanderfolgender Coaching Einheiten (Calls, Meetings, Workshops,&#8230;), die spezifisch darauf designt sind, ein bestimmtes Ziel kurzfristig zu erreichen.<\/p>\n\n\n\n<h4 id=\"MVP\">MVP<\/h4>\n\n\n\n<p>Das Minimal Viable Product (MVP) bezeichnet die kleinste auszuliefernde Einheit, die Mehrwert erzeugt. In der Softwareentwicklung kann das z.B. das Erweitern einer bestehenden Software um ein einzelnes Feature sein.&nbsp;<\/p>\n\n\n\n<p>Durch das kontinuierliche Ausliefern von MVPs verhindert man einen \u201eBig Bang\u201c, bei dem sehr sp\u00e4t eine sehr umfangreiche \u00c4nderung ausgerollt werden muss.<\/p>\n\n\n\n<h4 id=\"ROI\">ROI<\/h4>\n\n\n\n<p>Der Return on invest (ROI) bezeichnet den Zeitpunkt, zu dem eine get\u00e4tigte Investition ihre eigenen Kosten wieder eingespielt hat. <\/p>\n\n\n\n<h4 id=\"SCRUM_but\">Scrum, but\u2026<\/h4>\n\n\n\n<p>Viele Organisationen nutzen eine Variation von SCRUM (oder einem vergleichbaren agilen Frameworks), oft jedoch ohne dauerhaft zu reflektieren, was Mehrwert f\u00fcr die Organisation liefert und was nicht oder welcher Teil der Methode auf die L\u00f6sung welcher Problemklasse zielt. In Gespr\u00e4chen beginnen S\u00e4tze dann oft mit \u201eWir machen SCRUM, aber\u2026\u201c und danach wird eine Einschr\u00e4nkung genannt, die den agilen Ansatz ad absurdum f\u00fchrt.<\/p>\n","protected":false},"excerpt":{"rendered":"<p>Glossar Co-Creation In einer komplexen Umgebung ist zu Beginn eines Projektes weder der Weg noch das genaue Aussehen des Endproduktes bekannt. Das Projekt selbst ver\u00e4ndert zur Laufzeit die Bedingungen innerhalb dessen es sich bewegt. Im Co-Creation Ansatz kombinieren die Projektbeteiligten<\/p>\n","protected":false},"author":1,"featured_media":0,"parent":0,"menu_order":0,"comment_status":"closed","ping_status":"closed","template":"","meta":[],"_links":{"self":[{"href":"https:\/\/hilberer.com\/index.php?rest_route=\/wp\/v2\/pages\/143"}],"collection":[{"href":"https:\/\/hilberer.com\/index.php?rest_route=\/wp\/v2\/pages"}],"about":[{"href":"https:\/\/hilberer.com\/index.php?rest_route=\/wp\/v2\/types\/page"}],"author":[{"embeddable":true,"href":"https:\/\/hilberer.com\/index.php?rest_route=\/wp\/v2\/users\/1"}],"replies":[{"embeddable":true,"href":"https:\/\/hilberer.com\/index.php?rest_route=%2Fwp%2Fv2%2Fcomments&post=143"}],"version-history":[{"count":10,"href":"https:\/\/hilberer.com\/index.php?rest_route=\/wp\/v2\/pages\/143\/revisions"}],"predecessor-version":[{"id":189,"href":"https:\/\/hilberer.com\/index.php?rest_route=\/wp\/v2\/pages\/143\/revisions\/189"}],"wp:attachment":[{"href":"https:\/\/hilberer.com\/index.php?rest_route=%2Fwp%2Fv2%2Fmedia&parent=143"}],"curies":[{"name":"wp","href":"https:\/\/api.w.org\/{rel}","templated":true}]}}