{"id":74,"date":"2022-08-08T11:59:46","date_gmt":"2022-08-08T11:59:46","guid":{"rendered":"https:\/\/hilberer.com\/?page_id=74"},"modified":"2022-10-15T13:30:01","modified_gmt":"2022-10-15T13:30:01","slug":"ueber-mich","status":"publish","type":"page","link":"https:\/\/hilberer.com\/?page_id=74","title":{"rendered":"Hallo Fremder!"},"content":{"rendered":"<div class=\"wp-block-image\">\n<figure class=\"alignright size-medium\"><img fetchpriority=\"high\" width=\"262\" height=\"300\" src=\"https:\/\/hilberer.com\/wp-content\/uploads\/2022\/10\/Mammutbaum-262x300.png\" alt=\"Michael vor einem Redwoodbaum in Kalifornien\" class=\"wp-image-135\" srcset=\"https:\/\/hilberer.com\/wp-content\/uploads\/2022\/10\/Mammutbaum-262x300.png 262w, https:\/\/hilberer.com\/wp-content\/uploads\/2022\/10\/Mammutbaum-896x1024.png 896w, https:\/\/hilberer.com\/wp-content\/uploads\/2022\/10\/Mammutbaum-768x878.png 768w, https:\/\/hilberer.com\/wp-content\/uploads\/2022\/10\/Mammutbaum-1343x1536.png 1343w, https:\/\/hilberer.com\/wp-content\/uploads\/2022\/10\/Mammutbaum-1791x2048.png 1791w, https:\/\/hilberer.com\/wp-content\/uploads\/2022\/10\/Mammutbaum.png 2029w\" sizes=\"(max-width: 262px) 100vw, 262px\" \/><\/figure><\/div>\n\n\n<p>Ich wurde 1979 geboren, meine Kindheit verbrachte ich also in den 80ern und 90er Jahren, als sich die ersten gro\u00dfen Transformationswellen aufbauten, auf denen wir immer noch reiten. Mein erster Computer war ein Commodore C64, meine ersten Programme habe ich als Listings aus Computerb\u00fcchern abgetippt. (BASIC FTW!)&nbsp;<\/p>\n\n\n\n<p>Trotzdem waren mir in der Schule die Gesellschaftswissenschaften n\u00e4her (Informatik in der Schule war auch wirklich zu nichts zu gebrauchen \ud83d\ude33) und nach dem Abi wusste ich erstmal nicht, wohin die Reise gehen soll &#8211; also habe ich eine kaufm\u00e4nnische Ausbildung gemacht.&nbsp;<\/p>\n\n\n\n<p>In der Zwischenzeit kamen die Computer (und vor allem das Internet) meiner Vorstellung von Transformationswerkzeugen langsam n\u00e4her und ich entschied mich, Digitale Medien zu studieren (sp\u00e4ter um einen Master in Informatik erg\u00e4nzt). 2006 startete ich dann in meinen ersten Job als Software Entwickler und hackte erstmal fr\u00f6hlich vor mich hin.<\/p>\n\n\n\n<p>Dabei fand ich immer das Spannungsverh\u00e4ltnis zwischen Software, den Leuten die sie entwickeln und denen, die sie sp\u00e4ter nutzen (m\u00fcssen) extrem spannend. (Sp\u00e4ter kamen noch die Leute, die daf\u00fcr bezahlen und die, die alles am Laufen halten m\u00fcssen dazu\u2026).<\/p>\n\n\n\n<p>\u00dcber Stationen im Projektmanagement und als SCRUM Master, so wie einem l\u00e4ngeren Ausflug in die Politik (da gibt es auch eine Menge Transformationsbedarf!) landete ich schlie\u00dflich bei Antworten auf die Frage, wie man die Effektivit\u00e4t von internen und externen Teams und deren Zusammenarbeit verbessert und durfte Mitglied in der besten Design Thinking Community der Welt werden.&nbsp;(Danke, Boris!)<\/p>\n\n\n\n<p>Nach zwei Touren im (People) Management in denen ich das gelernte zwar anwenden konnte &#8211; aber bei weitem nicht so effektiv, wie ich mir das vorstelle &#8211; hat mich mein Weg inzwischen in die Selbst\u00e4ndigkeit gef\u00fchrt und ich biete nun quasi in Essenz all die Tricks und Kniffe an, die eine Transformation (potentiell) erfolgreich machen.<\/p>\n\n\n\n<div class=\"wp-container-1 wp-block-group\"><div class=\"wp-block-group__inner-container\"><\/div><\/div>\n\n\n\n<figure class=\"wp-container-3 wp-block-gallery-2 wp-block-gallery has-nested-images columns-default is-cropped\">\n<figure class=\"wp-block-image size-large\"><img width=\"255\" height=\"255\" data-id=\"62\"  src=\"https:\/\/hilberer.com\/wp-content\/uploads\/2022\/08\/SAP_IM_Badge-1.png\" alt=\"\" class=\"wp-image-62\" srcset=\"https:\/\/hilberer.com\/wp-content\/uploads\/2022\/08\/SAP_IM_Badge-1.png 255w, https:\/\/hilberer.com\/wp-content\/uploads\/2022\/08\/SAP_IM_Badge-1-150x150.png 150w\" sizes=\"(max-width: 255px) 100vw, 255px\" \/><\/figure>\n\n\n\n<figure class=\"wp-block-image size-large\"><img width=\"601\" height=\"601\" data-id=\"65\"  src=\"https:\/\/hilberer.com\/wp-content\/uploads\/2022\/08\/seal-caless-1.png\" alt=\"\" class=\"wp-image-65\" srcset=\"https:\/\/hilberer.com\/wp-content\/uploads\/2022\/08\/seal-caless-1.png 601w, https:\/\/hilberer.com\/wp-content\/uploads\/2022\/08\/seal-caless-1-300x300.png 300w, https:\/\/hilberer.com\/wp-content\/uploads\/2022\/08\/seal-caless-1-150x150.png 150w\" sizes=\"(max-width: 601px) 100vw, 601px\" \/><\/figure>\n\n\n\n<figure class=\"wp-block-image size-large\"><img loading=\"lazy\" width=\"601\" height=\"601\" data-id=\"63\"  src=\"https:\/\/hilberer.com\/wp-content\/uploads\/2022\/08\/seal-calo-1.png\" alt=\"\" class=\"wp-image-63\" srcset=\"https:\/\/hilberer.com\/wp-content\/uploads\/2022\/08\/seal-calo-1.png 601w, https:\/\/hilberer.com\/wp-content\/uploads\/2022\/08\/seal-calo-1-300x300.png 300w, https:\/\/hilberer.com\/wp-content\/uploads\/2022\/08\/seal-calo-1-150x150.png 150w\" sizes=\"(max-width: 601px) 100vw, 601px\" \/><\/figure>\n\n\n\n<figure class=\"wp-block-image size-large\"><img loading=\"lazy\" width=\"601\" height=\"601\" data-id=\"64\"  src=\"https:\/\/hilberer.com\/wp-content\/uploads\/2022\/08\/seal-calt-1.png\" alt=\"\" class=\"wp-image-64\" srcset=\"https:\/\/hilberer.com\/wp-content\/uploads\/2022\/08\/seal-calt-1.png 601w, https:\/\/hilberer.com\/wp-content\/uploads\/2022\/08\/seal-calt-1-300x300.png 300w, https:\/\/hilberer.com\/wp-content\/uploads\/2022\/08\/seal-calt-1-150x150.png 150w\" sizes=\"(max-width: 601px) 100vw, 601px\" \/><\/figure>\n\n\n\n<figure class=\"wp-block-image size-large\"><img loading=\"lazy\" width=\"600\" height=\"601\" data-id=\"66\"  src=\"https:\/\/hilberer.com\/wp-content\/uploads\/2022\/08\/seal-csm-1.png\" alt=\"\" class=\"wp-image-66\" srcset=\"https:\/\/hilberer.com\/wp-content\/uploads\/2022\/08\/seal-csm-1.png 600w, https:\/\/hilberer.com\/wp-content\/uploads\/2022\/08\/seal-csm-1-300x300.png 300w, https:\/\/hilberer.com\/wp-content\/uploads\/2022\/08\/seal-csm-1-150x150.png 150w\" sizes=\"(max-width: 600px) 100vw, 600px\" \/><\/figure>\n<\/figure>\n","protected":false},"excerpt":{"rendered":"<p>Ich wurde 1979 geboren, meine Kindheit verbrachte ich also in den 80ern und 90er Jahren, als sich die ersten gro\u00dfen Transformationswellen aufbauten, auf denen wir immer noch reiten. Mein erster Computer war ein Commodore C64, meine ersten Programme habe ich<\/p>\n","protected":false},"author":1,"featured_media":0,"parent":0,"menu_order":0,"comment_status":"closed","ping_status":"closed","template":"","meta":[],"_links":{"self":[{"href":"https:\/\/hilberer.com\/index.php?rest_route=\/wp\/v2\/pages\/74"}],"collection":[{"href":"https:\/\/hilberer.com\/index.php?rest_route=\/wp\/v2\/pages"}],"about":[{"href":"https:\/\/hilberer.com\/index.php?rest_route=\/wp\/v2\/types\/page"}],"author":[{"embeddable":true,"href":"https:\/\/hilberer.com\/index.php?rest_route=\/wp\/v2\/users\/1"}],"replies":[{"embeddable":true,"href":"https:\/\/hilberer.com\/index.php?rest_route=%2Fwp%2Fv2%2Fcomments&post=74"}],"version-history":[{"count":4,"href":"https:\/\/hilberer.com\/index.php?rest_route=\/wp\/v2\/pages\/74\/revisions"}],"predecessor-version":[{"id":142,"href":"https:\/\/hilberer.com\/index.php?rest_route=\/wp\/v2\/pages\/74\/revisions\/142"}],"wp:attachment":[{"href":"https:\/\/hilberer.com\/index.php?rest_route=%2Fwp%2Fv2%2Fmedia&parent=74"}],"curies":[{"name":"wp","href":"https:\/\/api.w.org\/{rel}","templated":true}]}}