{"id":78,"date":"2022-10-14T11:55:00","date_gmt":"2022-10-14T11:55:00","guid":{"rendered":"https:\/\/hilberer.com\/?page_id=78"},"modified":"2022-10-18T14:17:15","modified_gmt":"2022-10-18T14:17:15","slug":"neue-herausforderungen-endlose-chancen","status":"publish","type":"page","link":"https:\/\/hilberer.com\/","title":{"rendered":"Neue Herausforderungen &#8211; endlose Chancen"},"content":{"rendered":"\n<p>Die Wissensgesellschaft ist da, daran besteht kein Zweifel. Vielleicht ist sie noch nicht umfassend in allen Organisationen angekommen. Doch um als Unternehmen oder Institution in Zukunft weiter zu bestehen, um zu wachsen und aufzubl\u00fchen m\u00fcssen sich unsere Organisationen ver\u00e4ndern.<\/p>\n\n\n\n<figure class=\"wp-block-image size-large\"><img fetchpriority=\"high\" width=\"1024\" height=\"683\" src=\"https:\/\/hilberer.com\/wp-content\/uploads\/2022\/10\/Aussere_Hilfe_fuer_Transformation-1024x683.png\" alt=\"\" class=\"wp-image-80\" srcset=\"https:\/\/hilberer.com\/wp-content\/uploads\/2022\/10\/Aussere_Hilfe_fuer_Transformation-1024x683.png 1024w, https:\/\/hilberer.com\/wp-content\/uploads\/2022\/10\/Aussere_Hilfe_fuer_Transformation-300x200.png 300w, https:\/\/hilberer.com\/wp-content\/uploads\/2022\/10\/Aussere_Hilfe_fuer_Transformation-768x512.png 768w, https:\/\/hilberer.com\/wp-content\/uploads\/2022\/10\/Aussere_Hilfe_fuer_Transformation-1536x1024.png 1536w, https:\/\/hilberer.com\/wp-content\/uploads\/2022\/10\/Aussere_Hilfe_fuer_Transformation-2048x1365.png 2048w\" sizes=\"(max-width: 1024px) 100vw, 1024px\" \/><\/figure>\n\n\n\n<p>Als Gesellschaft tragen wir viel \u201eBallast\u201c aus der Welt der Industrialisierung mit uns. Methoden, Techniken und Denkmuster, die uns in den Jahrzehnten der Massenproduktion gute Dienste geleistet und zu vorher undenkbarem Wohlstand gef\u00fchrt haben.<\/p>\n\n\n\n<p>Organisationen sind dazu da, das bestehende zu konservieren, verl\u00e4sslich bei gleichem Input vergleichbare Ergebnisse zu liefern &#8211; doch das h\u00e4lt sie dabei zur\u00fcck, sich weiterzuentwickeln und in den neuen, komplexen Bedingungen der Wissensgesellschaft zu bestehen.<\/p>\n\n\n\n<figure class=\"wp-block-image size-large\"><img width=\"1024\" height=\"853\" src=\"https:\/\/hilberer.com\/wp-content\/uploads\/2022\/10\/Wertschoepfung_heute-1024x853.png\" alt=\"\" class=\"wp-image-82\" srcset=\"https:\/\/hilberer.com\/wp-content\/uploads\/2022\/10\/Wertschoepfung_heute-1024x853.png 1024w, https:\/\/hilberer.com\/wp-content\/uploads\/2022\/10\/Wertschoepfung_heute-300x250.png 300w, https:\/\/hilberer.com\/wp-content\/uploads\/2022\/10\/Wertschoepfung_heute-768x639.png 768w, https:\/\/hilberer.com\/wp-content\/uploads\/2022\/10\/Wertschoepfung_heute-1536x1279.png 1536w, https:\/\/hilberer.com\/wp-content\/uploads\/2022\/10\/Wertschoepfung_heute-2048x1705.png 2048w\" sizes=\"(max-width: 1024px) 100vw, 1024px\" \/><\/figure>\n\n\n\n<p><strong>Heute wird die gr\u00f6\u00dfte Wertsch\u00f6pfung nicht mehr in der gleichf\u00f6rmigen Massenproduktion erzeugt, sondern in den individualisierten, speziell angepassten L\u00f6sungen.<\/strong><\/p>\n\n\n<div class=\"wp-block-image\">\n<figure class=\"alignleft size-medium\"><img width=\"300\" height=\"300\" src=\"https:\/\/hilberer.com\/wp-content\/uploads\/2022\/10\/industry_Assembly_Line01-300x300.png\" alt=\"Assembly Line Pastel\" class=\"wp-image-174\" srcset=\"https:\/\/hilberer.com\/wp-content\/uploads\/2022\/10\/industry_Assembly_Line01-300x300.png 300w, https:\/\/hilberer.com\/wp-content\/uploads\/2022\/10\/industry_Assembly_Line01-150x150.png 150w, https:\/\/hilberer.com\/wp-content\/uploads\/2022\/10\/industry_Assembly_Line01.png 512w\" sizes=\"(max-width: 300px) 100vw, 300px\" \/><\/figure><\/div>\n\n\n<p>Um die Wertsch\u00f6pfung, den &#8222;Business Value&#8220;, zu optimieren m\u00fcssen Strukturen und Arbeitsweisen transformiert werden. Neues wird hinzugef\u00fcgt und das Alte kritisch analysiert und wo sinnvoll in das neue eingebettet.&nbsp;<\/p>\n\n\n\n<p>Organisationen sind allerdings darauf optimiert, ihr Tagesgesch\u00e4ft zu meistern. Die Weiterentwicklung der Organisation muss zus\u00e4tzlich und an den bestehenden Optimierungen vorbei geleistet werden. Nur sehr wenige Organisationen schaffen dies dauerhaft aus eigener Kraft.&nbsp;<\/p>\n\n\n\n<p>Mit einem herk\u00f6mmlichen Wissens- und Innovationsmanagement ist die Selbsttransformation ebensowenig zu schaffen, dient dieses ja in erster Linie dem Erkennen und Verbreiten von Innovationen innerhalb der bestehenden Arbeitsstrukturen. Es ist daher sinnvoll, sich hierbei externe Unterst\u00fctzung zu holen. Ben\u00f6tigt wird jemand, der Netzwerke von Wissensarbeiter*innen aufbaut aber nicht in die bestehende Organisationsstrukturen eingebunden ist.<\/p>\n\n\n\n<p><strong>Organisationen ben\u00f6tigen Hilfe von au\u00dferhalb ihrer bestehenden Struktur, um ihre strukturelle Transformation zu meistern.<\/strong><\/p>\n\n\n<div class=\"wp-block-image\">\n<figure class=\"alignright size-medium\"><img loading=\"lazy\" width=\"300\" height=\"300\" src=\"https:\/\/hilberer.com\/wp-content\/uploads\/2022\/10\/market_place_people-300x300.png\" alt=\"Marktplatz voller Leute Pastel\" class=\"wp-image-171\" srcset=\"https:\/\/hilberer.com\/wp-content\/uploads\/2022\/10\/market_place_people-300x300.png 300w, https:\/\/hilberer.com\/wp-content\/uploads\/2022\/10\/market_place_people-150x150.png 150w, https:\/\/hilberer.com\/wp-content\/uploads\/2022\/10\/market_place_people.png 512w\" sizes=\"(max-width: 300px) 100vw, 300px\" \/><\/figure><\/div>\n\n\n<p>Aber es gibt auch gute Nachrichten: Viele Menschen bevorzugen zunehmend Arbeitsweisen, die besser zu den Herausforderung der komplexen, vielf\u00e4ltigen und sich schnell \u00e4ndernden Welt der Wissensgesellschaft passen.&nbsp;<\/p>\n\n\n\n<p>Mit Hilfe einer auf Ihre Organisation designten Facilitation kann ich Ihnen helfen, dieses Potential zu heben und Ihre Organisation in eine selbst-lernende, selbst-transformierende zu verwandeln.&nbsp;<\/p>\n\n\n\n<p>Am &#8222;Ende&#8220; der Transformation steht ein Netzwerk, dass die Routinearbeiten von (hoch-) automatisierten Systemen erledigen l\u00e4sst und so den Wissensarbeiter*innen innerhalb des Netzwerkes die Fokussierung auf wertsch\u00f6pfende Aufgaben und st\u00e4ndige Weiterentwicklung gibt.&nbsp;<\/p>\n\n\n\n<p>Wir werden dazu Potentiale in der Organisation heben und eine Netzwerkstruktur der verschiedenen Talente inner- und au\u00dferhalb Ihrer Organisation schaffen.<\/p>\n\n\n\n<hr class=\"wp-block-separator has-alpha-channel-opacity\"\/>\n\n\n\n<!-- Calendly inline widget begin -->\n<div class=\"calendly-inline-widget\" data-url=\"https:\/\/calendly.com\/michaelhilberer\/30min?primary_color=ff8f00\" style=\"min-width:320px;height:830px;\"><\/div>\n<script type=\"text\/javascript\" src=\"https:\/\/assets.calendly.com\/assets\/external\/widget.js\" async><\/script>\n<!-- Calendly inline widget end -->\n","protected":false},"excerpt":{"rendered":"<p>Die Wissensgesellschaft ist da, daran besteht kein Zweifel. Vielleicht ist sie noch nicht umfassend in allen Organisationen angekommen. Doch um als Unternehmen oder Institution in Zukunft weiter zu bestehen, um zu wachsen und aufzubl\u00fchen m\u00fcssen sich unsere Organisationen ver\u00e4ndern. Als<\/p>\n","protected":false},"author":1,"featured_media":0,"parent":0,"menu_order":0,"comment_status":"closed","ping_status":"closed","template":"","meta":[],"_links":{"self":[{"href":"https:\/\/hilberer.com\/index.php?rest_route=\/wp\/v2\/pages\/78"}],"collection":[{"href":"https:\/\/hilberer.com\/index.php?rest_route=\/wp\/v2\/pages"}],"about":[{"href":"https:\/\/hilberer.com\/index.php?rest_route=\/wp\/v2\/types\/page"}],"author":[{"embeddable":true,"href":"https:\/\/hilberer.com\/index.php?rest_route=\/wp\/v2\/users\/1"}],"replies":[{"embeddable":true,"href":"https:\/\/hilberer.com\/index.php?rest_route=%2Fwp%2Fv2%2Fcomments&post=78"}],"version-history":[{"count":14,"href":"https:\/\/hilberer.com\/index.php?rest_route=\/wp\/v2\/pages\/78\/revisions"}],"predecessor-version":[{"id":225,"href":"https:\/\/hilberer.com\/index.php?rest_route=\/wp\/v2\/pages\/78\/revisions\/225"}],"wp:attachment":[{"href":"https:\/\/hilberer.com\/index.php?rest_route=%2Fwp%2Fv2%2Fmedia&parent=78"}],"curies":[{"name":"wp","href":"https:\/\/api.w.org\/{rel}","templated":true}]}}